Let b(q) = q**3 - 7*q**2 + 8*q + 7. Give b(5).
-3
Let c(q) = q - 8. Calculate c(8).
0
Let d(r) = r**3 - 11*r**2 + 15*r - 22. Determine d(9).
-49
Let z(n) = n**3 + 2*n**2 - 11*n - 16. Give z(-2).
6
Let q(v) = v**2 + 15*v + 14. Determine q(-14).
0
Let s(y) = -13*y + 340. Give s(27).
-11
Let s(i) = -i**3 - 10*i**2 + 5*i + 12. What is s(-9)?
-114
Let g(a) = -a**2 - 26*a - 4. Calculate g(-26).
-4
Let h(c) = 3*c**2 + 2*c - 9. What is h(2)?
7
Let c(p) = 9*p + 14. Determine c(2).
32
Let x(g) = 2*g + 6. Determine x(-5).
-4
Let u(y) = -y**2 - 11*y + 7. Calculate u(-6).
37
Let r(p) = 193*p + 772. Calculate r(-4).
0
Let x(u) = -u**2 - 2*u + 12. Determine x(-8).
-36
Let p(o) = o**3 - 2*o**2 - 6*o - 2. Determine p(4).
6
Let v(r) = -r**2 - 9*r - 2. What is v(-2)?
12
Let h(c) = -c**3 + 10*c**2 + 9*c - 1. Determine h(11).
-23
Let j(a) = 4*a**2 + 3*a + 1. What is j(-3)?
28
Let c(y) = 17*y**2 - 4*y + 1. What is c(1)?
14
Let t(b) = b**2 - 8*b + 14. What is t(4)?
-2
Let g(x) = x**2 - 54*x + 471. What is g(11)?
-2
Let l(w) = -7*w**2 - 5*w + 5. What is l(2)?
-33
Let o(c) = 10*c - 32. Calculate o(-4).
-72
Let n(p) = -p**2 - 16*p + 1. What is n(-16)?
1
Let x(w) = 12*w + 106. Calculate x(-9).
-2
Let p(s) = -s**2 + 3*s + 3. Calculate p(5).
-7
Let b(x) = -2*x + 2. Determine b(-6).
14
Let z(i) = -7*i + 66. Give z(8).
10
Let p(q) = q**2 + 7. What is p(-3)?
16
Let d(z) = 4*z - 12. Determine d(-5).
-32
Let j(m) = -m**2 - 24*m + 52. Determine j(-26).
0
Let s(j) = 7*j - 171. What is s(27)?
18
Let d(l) = -l**2 - 60*l - 330. Determine d(-6).
-6
Let y(w) = w + 11. Give y(6).
17
Let w(u) = 38*u + 413. Give w(-11).
-5
Let a(u) = 17*u + 14. What is a(-3)?
-37
Let w(n) = n**3 + 6*n**2 - 3*n - 19. Calculate w(-6).
-1
Let d(h) = -51*h - 362. Calculate d(-7).
-5
Let z(j) = -j**3 - 23*j**2 - 40*j + 27. What is z(-21)?
-15
Let j(c) = -10*c + 33. Calculate j(4).
-7
Let i(z) = z - 2. What is i(5)?
3
Let q(j) = -j**3 - 9*j**2 + 10*j - 2. What is q(-10)?
-2
Let w(q) = -3*q**2 + 2*q + 2. Determine w(-3).
-31
Let v(l) = -l**3 - 17*l**2 - 3*l - 55. What is v(-17)?
-4
Let a(c) = -c**3 + 4*c**2 + 2*c + 5. Give a(4).
13
Let h(i) = -12*i + 9. Give h(7).
-75
Let f(i) = -22*i + 128. Give f(5).
18
Let m(t) = 5*t. Determine m(0).
0
Let x(d) = d**3 - 2*d**2 + d - 27. What is x(0)?
-27
Let o(u) = -u**3 - 24*u**2 + 5*u + 15. What is o(-24)?
-105
Let k(t) = -7*t + 65. Calculate k(8).
9
Let t(n) = -n - 3. Give t(3).
-6
Let h(t) = -t - 2. What is h(-12)?
10
Let t(n) = 25*n - 15. Give t(1).
10
Let u(n) = 6*n - 42. Calculate u(6).
-6
Let x(w) = w**2 - 22*w + 9. What is x(0)?
9
Let u(j) = -8*j + 55. What is u(8)?
-9
Let d(p) = 7*p - 29. Give d(4).
-1
Let z(c) = c**3 + 12*c**2 - 8*c + 19. Calculate z(-13).
-46
Let m(a) = -3*a**2 - 10*a - 10. Give m(-2).
-2
Let l(g) = -g**3 - 14*g**2 - g - 17. Calculate l(-14).
-3
Let o(f) = -37*f + 138. Give o(4).
-10
Let n(b) = b**2 + 2*b - 7. Determine n(-5).
8
Let r(v) = 9*v - 4. What is r(-4)?
-40
Let s(z) = -z**2 - 7*z - 16. Give s(-6).
-10
Let a(d) = 3*d + 1. What is a(0)?
1
Let i(y) = -7*y**2 - 7*y + 25. What is i(3)?
-59
Let b(v) = 3*v**2 + 3*v - 4. Give b(-3).
14
Let t(g) = 3*g - 10. Calculate t(4).
2
Let o(u) = u**3 - 3*u**2 - 33*u + 126. Calculate o(4).
10
Let z(a) = -5*a + 15. Give z(-8).
55
Let t(q) = -29*q - 2. Calculate t(-3).
85
Let j(s) = 15*s - 217. What is j(15)?
8
Let r(m) = 18*m + 6. Calculate r(-2).
-30
Let h(t) = 9*t + 3. What is h(-7)?
-60
Let w(b) = -b**3 - 28*b**2 - 2*b - 57. Give w(-28).
-1
Let u(q) = 11*q + 2. What is u(0)?
2
Let k(c) = -2*c**2 + 2*c - 8. Give k(0).
-8
Let g(f) = -22*f - 31. Determine g(3).
-97
Let k(x) = -90*x - 23. Give k(-1).
67
Let t(y) = -y**3 - 9*y**2 + 12*y - 87. Calculate t(-11).
23
Let q(l) = -584*l + 1746. What is q(3)?
-6
Let w(c) = c**3 + 7*c**2 + 2*c + 6. What is w(-7)?
-8
Let t(z) = z**2 - 17. Calculate t(5).
8
Let g(j) = -2*j + 2. Determine g(-2).
6
Let m(r) = -9*r + 1. Calculate m(-1).
10
Let h(w) = w**3 + 12*w**2 - 8*w + 63. Give h(-13).
-2
Let i(g) = 9*g - 33. Calculate i(1).
-24
Let m(s) = 52*s + 253. What is m(-5)?
-7
Let t(w) = -w**3 - 7*w**2 + 9*w + 15. Calculate t(-8).
7
Let q(r) = r**3 - 7*r**2 - 8*r + 6. Give q(8).
6
Let q(i) = i**3 - 15*i**2 - 32*i - 73. Calculate q(17).
-39
Let o(f) = -f**3 + 5*f**2 - 5*f - 8. Determine o(6).
-74
Let r(a) = -3*a**2 - 4*a + 1. Calculate r(-4).
-31
Let z(r) = 22*r + 44. Give z(-2).
0
Let u(c) = c**3 + 5*c**2 + 4*c + 8. What is u(-5)?
-12
Let n(i) = -i**2 + 20*i - 36. What is n(18)?
0
Let d(h) = h**2 - 13*h - 3. Calculate d(14).
11
Let h(w) = -w**3 + 33*w**2 - 114*w - 50. Determine h(29).
8
Let v(h) = -h**3 - 4*h**2 + 11*h + 37. What is v(-4)?
-7
Let b(l) = -l**2 + 18*l + 44. Calculate b(20).
4
Let q(b) = -b**2 + 5*b - 5. Calculate q(5).
-5
Let m(c) = -11*c + 73. What is m(13)?
-70
Let q(l) = -14*l + 29. What is q(3)?
-13
Let m(h) = -5*h - 41. Calculate m(-14).
29
Let i(h) = -h**2 - 5*h - 8. Determine i(-3).
-2
Let n(u) = u**3 - 4*u**2 + 4*u - 6. Calculate n(3).
-3
Let c(f) = 2*f - 14. Determine c(-18).
-50
Let a(v) = v**3 + 18*v**2 + 42*v - 52. Give a(-15).
-7
Let w(q) = 22*q. Calculate w(1).
22
Let l(x) = -x - 4. Give l(-13).
9
Let y(c) = -c**3 + 21*c**2 + c + 28. Calculate y(21).
49
Let y(s) = s**2 - 14*s - 4. Calculate y(14).
-4
Let q(z) = -2*z**2 - 2*z + 41. Determine q(-6).
-19
Let d(r) = -15*r - 65. What is d(-5)?
10
Let u(g) = g**3 - 7*g**2 + 4*g. Calculate u(6).
-12
Let k(j) = -2*j**2 + 36*j - 78. What is k(15)?
12
Let q(d) = d**3 + 7*d**2 + 3*d - 3. Determine q(-6).
15
Let g(w) = -2*w + 14. Calculate g(5).
4
Let t(m) = m**2 - 2*m + 1. What is t(-5)?
36
Let g(r) = r**3 + 15*r**2 - 4*r - 61. Give g(-15).
-1
Let x(t) = t - 26. What is x(11)?
-15
Let r(s) = -s**3 + 11*s**2 + 2*s - 21. Determine r(11).
1
Let w(i) = -i**3 - 2*i**2 + 7*i - 9. Determine w(2).
-11
Let p(k) = 2*k - 22. Give p(10).
-2
Let a(p) = p**2 + 7*p - 5. What is a(-7)?
-5
Let l(n) = -n**2 + 3*n + 9. Determine l(6).
-9
Let r(m) = 4*m**2 + 3*m - 4. Calculate r(-3).
23
Let o(b) = b**3 - 9*b**2 + 13*b + 12. Give o(7).
5
Let l(z) = z**3 - 50*z**2 - 102*z - 90. What is l(52)?
14
Let y(s) = 6*s**3 - 2*s**2 + s - 4. Calculate y(2).
38
Let o(r) = -26*r + 167. Determine o(7).
-15
Let w(f) = -2*f - 11. What is w(-4)?
-3
Let i(l) = l. What is i(2)?
2
Let l(q) = -q**3 - 4*q**2 - 8*q - 8. Calculate l(-3).
7
Let d(q) = q**3 - 2. Calculate d(2).
6
Let p(c) = -c**2 - 7*c + 1. Give p(-4).
13
Let h(t) = -t + 8. Give h(-6).
14
Let n(g) = 6*g - 5. What is n(3)?
13
Let w(d) = -29*d + 497. What is w(17)?
4
Let a(t) = -15*t + 77. Calculate a(5).
2
Let c(t) = -2*t + 14. Give c(7).
0
Let q(b) = b**3 + 31*b**2 + 59*b + 38. What is q(-29)?
9
Let c(f) = 3*f**2 + 7*f. Determine c(-5).
40
Let m(y) = -3*y**2 - 2*y - 6. Determine m(-4).
-46
Let k(b) = -5*b - 42. What is k(2)?
-52
Let p(v) = 3*v + 44. Calculate p(-18).
-10
Let o(h) = -h**2 - 2*h - 2. Determine o(-2).
-2
Let q(m) = -11*m**2 + 23*m - 6. Calculate q(1).
6
Let b(c) = c**2 - c + 5. What is b(2)?
7
Let m(k) = k**3 - 9*k**2 + 2*k - 13. Give m(9).
5
Let j(z) = z - 29. Give j(17).
-12
Let r(j) = -6*j - 13. Give r(-11).
53
Let g(m) = -2*m**3 + 7*m**2 - m - 3. Give g(3).
3
Let r(c) = c**2 - 10*c + 6. Give r(8).
-10
Let y(u) = 25*u + 422. Give y(-17).
-3
Let y(f) = 15*f + 51. Give y(-8).
-69
Let a(i) = 7*i + 11. Give a(-5).
-24
Let w(q) = -q**3 + 8*q**2 - 9*q + 1. What is w(7)?
-13
Let x(f) = -f + 30. Determine x(12).
18
Let v(i) = -i**3 + 6*i**2 - i + 17. Determine v(6).
11
Let g(z) = 9*z**3 + 1. What is g(-1)?
-8
Let o(a) = 6*a**2 + 55*a + 26. Calculate o(-9).
17
Let x(c) = 13*c. What is x(-2)?
-26
Let s(v) = -v**3 - 23*v**2 - 42*v - 2. Give s(-21).
-2
Let x(l) = -l**3 + 6*l**2 + 1. What is x(6)?
1
Let a(q) = q**2 - 8*q - 14. Determine a(9).
-5
Let o(i) = -i + 41. Determine o(44).
-3
Let c(a) = -2*a - 16. What is c(-5)?
-6
Let s(p) = -13*p + 10. Determine s(3).
-29
Let i(g) = -g - 16. Determine i(-12).
-4
Let c(r) = 16*r + 2. Calculate c(-1).
-14
Let h(l) = -3*l**2 - 3. Determine h(2).
-15
Let z(o) = -5*o + 6. What is z(-7)?
41
Let f(l) = 2*l + 8. Calculate f(-1).
6
Let x(p) = 2*p - 48. Calculate x(29).
10
Let k(q) = -q**2 + 4*q - 7. Calculate k(3).
-4
Let f(d) = -5*d - 47. Determine f(-8).
-7
Let v(f) = f**3 - 8*f**2 - 22*f + 14. Calculate v(10).
-6
Let d(p) = -3*p - 16. Deter